 -12?
1352
In base 7, what is 1244 + -5?
1236
In base 13, what is -10 + -363?
-373
In base 11, what is 23 - 1?
22
In base 11, what is 4796 - 1?
4795
In base 15, what is -3d4d + 0?
-3d4d
In base 3, what is -2 + -2?
-11
In base 2, what is 10011101 - -1?
10011110
In base 5, what is -120 - -102?
-13
In base 11, what is 21 - 39?
-18
In base 12, what is 3 + 4?
7
In base 11, what is -1 + 6?
5
In base 15, what is 10 - 8?
7
In base 15, what is -63 - 5?
-68
In base 3, what is -2212 - -202?
-2010
In base 12, what is -3 + -1465?
-1468
In base 15, what is -5 + -1573?
-1578
In base 2, what is 1000 + -1001111010?
-1001110010
In base 16, what is 1 - -1a0?
1a1
In base 11, what is 12 + 138?
14a
In base 2, what is 100 - 1110100?
-1110000
In base 7, what is -143 + 0?
-143
In base 8, what is -10 + -142?
-152
In base 10, what is -1 - 73?
-74
In base 7, what is 3 - 13655?
-13652
In base 12, what is -5 - 76?
-7b
In base 16, what is -20 + d?
-13
In base 9, what is 1673 + -5?
1667
In base 3, what is -2 - 2020?
-2022
In base 12, what is 59 - -5?
62
In base 7, what is 5 - 245?
-240
In base 7, what is -4 - 1401?
-1405
In base 15, what is -18ec - -6?
-18e6
In base 12, what is 1 + 88?
89
In base 9, what is 85 - 0?
85
In base 7, what is -110 + -4?
-114
In base 11, what is 995 - 6?
98a
In base 7, what is -213 - 13?
-226
In base 10, what is -4298 - 3?
-4301
In base 15, what is 5 - 272?
-26c
In base 2, what is 101 - -100101000000?
100101000101
In base 7, what is -2 - -355?
353
In base 12, what is 10 + -15?
-5
In base 11, what is 22 - -1?
23
In base 3, what is -120021 + 201?
-112120
In base 10, what is -10 - 46?
-56
In base 3, what is 1111 + -12?
1022
In base 3, what is -1100 - 20?
-1120
In base 2, what is -101110100 - -10?
-101110010
In base 5, what is 21441 - 4?
21432
In base 12, what is -35 + 1?
-34
In base 8, what is 4 + 776?
1002
In base 3, what is -12 - 202222?
-210011
In base 7, what is 3 + -1201?
-1165
In base 16, what is -1 - -20?
1f
In base 12, what is -171 + 13?
-15a
In base 8, what is 2 - -26?
30
In base 3, what is -122 - 20?
-212
In base 2, what is 101 - 1111000?
-1110011
In base 2, what is 10 + 1?
11
In base 15, what is a - -bd?
c8
In base 10, what is -2 + 8?
6
In base 8, what is 7 + -27?
-20
In base 14, what is 163 - -3?
166
In base 13, what is -595 + -4?
-599
In base 15, what is -1 - -940?
93e
In base 12, what is 6 - 7?
-1
In base 14, what is -13 + -9?
-1c
In base 12, what is -3 - 4a8?
-4ab
In base 12, what is -247a + -5?
-2483
In base 7, what is -122113 - -5?
-122105
In base 4, what is -221 + 1100?
213
In base 11, what is 13 + -35?
-22
In base 5, what is -2231 + -32?
-2313
In base 4, what is 1 - -330103?
330110
In base 7, what is -1 - 562?
-563
In base 7, what is -4 + 246?
242
In base 11, what is 4 + 196?
19a
In base 8, what is 132 + -7?
123
In base 3, what is 2 - -2110?
2112
In base 16, what is -4198 - -1?
-4197
In base 9, what is 52 - -3?
55
In base 13, what is 2b9 + 1c?
308
In base 8, what is 13 + 100?
113
In base 13, what is 28 + 23?
4b
In base 3, what is 12 + 2200022?
2200111
In base 6, what is -305 + 2?
-303
In base 13, what is 2 - 21a?
-218
In base 6, what is 1253 + 1?
1254
In base 6, what is -4 + -111?
-115
In base 9, what is -4 - 0?
-4
In base 15, what is -4 + -4?
-8
In base 2, what is -101 - 101100010010?
-101100010111
In base 15, what is -1ede - -5?
-1ed9
In base 4, what is -1030 + 323?
-101
In base 12, what is -125 + -1?
-126
In base 4, what is 31 - -23?
120
In base 2, what is -101011010101 - -10?
-101011010011
In base 9, what is 24440 - 4?
24435
In base 14, what is -2581 - -1?
-2580
In base 2, what is 10000100111 + 100?
10000101011
In base 3, what is -102221 - -2?
-102212
In base 8, what is 60 + 2?
62
In base 13, what is 13 + 31?
44
In base 4, what is -133 + 2?
-131
In base 8, what is -3 - 17?
-22
In base 9, what is 1077 - 2?
1075
In base 15, what is 4 + 7?
b
In base 5, what is -2121 + -103?
-2224
In base 13, what is -26c - -3?
-269
In base 12, what is -5 - -731?
728
In base 14, what is 162 + -4?
15c
In base 9, what is -2 - -25?
23
In base 7, what is -334 + 2?
-332
In base 6, what is 134 - 23?
111
In base 6, what is 2 - -212?
214
In base 4, what is -2001 - -13?
-1322
In base 3, what is 12 - -102000?
102012
In base 5, what is -1422 + -2?
-1424
In base 15, what is -88 + 19?
-6e
In base 8, what is 63 + 5?
70
In base 14, what is -4 + 25b?
257
In base 7, what is -3 + 256?
253
In base 7, what is 144 + -162?
-15
In base 12, what is -220 - 5?
-225
In base 8, what is -51 + -14?
-65
In base 3, what is -12202211 + -12?
-12210000
In base 11, what is 0 - -206?
206
In base 16, what is 49 - 0?
49
In base 4, what is 1323 - -130?
2113
In base 8, what is -5 + -2020?
-2025
In base 9, what is 2 - 7735?
-7733
In base 2, what is 1111010001 - 1?
1111010000
In base 7, what is 126 + -2?
124
In base 7, what is -2 + 1550?
1545
In base 13, what is a - -16?
23
In base 2, what is -110011 - -11?
-110000
In base 9, what is -1 - -323?
322
In base 16, what is 1 - -b8?
b9
In base 9, what is -201 - 4?
-205
In base 12, what is -6 + -30?
-36
In base 11, what is -4 - 2205?
-2209
In base 7, what is 5 + 453?
461
In base 4, what is -20212 + 11?
-20201
In base 14, what is -21 + 13?
-c
In base 16, what is 1b + 128?
143
In base 16, what is 3 - -b2?
b5
In base 3, what is 1222 - 2?
1220
In base 2, what is 111 + 1001111?
1010110
In base 11, what is -142 + 9?
-134
In base 13, what is -67 - 5?
-6c
In base 2, what is -10 - -10111100100?
10111100010
In base 9, what is 10 - -15?
25
In base 16, what is -7a - -2?
-78
In base 5, what is 24324 + -10?
24314
In base 11, what is -1 + 9?
8
In base 3, what is -12101 + -1010?
-20111
In base 6, what is 4 + -1142?
-1134
In base 10, what is 3854 - 2?
3852
In base 5, what is -22 + 143?
121
In base 9, what is -680 + 13?
-666
In base 8, what is 13 - 1?
12
In base 7, what is -266 + -13?
-312
In base 8, what is 1 + 54?
55
In base 6, what is 2 + -1152?
-1150
In base 2, what is -10100111111 + 1?
-10100111110
In base 10, what is -14498 - -2?
-14496
In base 7, what is -60613 - 5?
-60621
In base 5, what is -13 - -340?
322
In base 11, what is -3313 + 4?
-330a
In base 8, what is 3 - 7264?
-7261
In base 15, what is 1 + -12?
-11
In base 4, what is -103103 + 0?
-103103
In base 11, what is 123 - -3?
126
In base 12, what is -276 - 7?
-281
In base 9, what is -4 + 55?
51
In base 4, what is -1323 - 1?
-1330
In base 16, what is 6f7 - -2?
6f9
In base 7, what is 3404 - 4?
3400
In base 7, what is -2526 - -2?
-2524
In base 12, what is -39 + 99?
60
In base 2, what is -1100 - 1?
-1101
In base 14, what is -15 + 33?
1c
In base 16, what is 9 - 7?
2
In base 3, what is 11001 - 2000?
2001
In base 11, what is -2142 - 0?
-2142
In base 13, what is -258 - 4?
-25c
In base 5, what is 224 - 332?
-103
In base 9, what is 5 + 267?
273
In base 2, what is 1001001 + -11010?
101111
In base 3, what is 12021 - 1?
12020
In base 3, what is 121120 + 12?
121202
In base 9, what is 0 + -202?
-202
In base 5, what is 111 - -333?
444
In base 12, what is 2 + -92a?
-928
In base 15, what is 21 - a?
16
In base 9, what is -1342 - -5?
-1336
In base 13, what is -2 + -28a1?
-28a3
In base 2, what is -11 - 1100111?
-1101010
In base 3, what is 21 - 21201?
-21110
In base 7, what is 351 - -2?
353
In base 5, what is -12033 + -3?
-12041
In base 10, what is 0 + -95?
-95
In base 5, what is -3140 - 3?
-3143
In base 5, what is 122 - 2211?
-2034
In base 11, what is -2 + -28?
-2a
In base 5, what is -2 - 1331?
-1333
In base 3, what is -12 + -10101?
-10120
In base 9, what is -12 - 47?
-60
In base 13, what is -6 + ba5?
b9c
In base 10, what is -696 + -5?
-701
In base 10, what is -1 - 356?
-357
In base 14, what is -77 + 4?
-73
In base 9, what is 11425 - 2?
11423
In base 2, what is 11110 - 1111?
1111
In base 3, what is -220211 + -2?
-220220
In base 15, what is -2 - -776?
774
In base 12, what is 2 + -114?
-112
In base 4, what is 0 + 20213?
20213
In base 13, what is -30a - 3?
-310
In base 6, what is 2202 + -1?
2201
In base 9, what is -4 + 170?
165
In base 16, what is 10 - -a?
1a
In base 4, what is 30 + -1133?
-1103
In base 14, what is -2 - -76?
74
In base 9, what is -52 + 135?
73
In base 10, what is -352 - 16?
-368
In base 12, what is 61 - -4?
65
In base 3, what is -11 - 1220?
-2001
In base 8, what is -173 + 17?
-154
In base 9, what is -3 + -14